-2*k = y + 110 - 6589, 5*y - 4*k = 32437. What is the units digit of y?
5
Let k = 7636 - 2010. What is the units digit of k?
6
Let h(u) = 21 - 17 + u + 28*u**3 + 15*u**3 - 8*u**2 - u**3. What is the units digit of h(3)?
9
Let t = -3732 + 45457. What is the hundreds digit of t?
7
Let m(t) = t**2 - 12*t + 40. Let x be m(6). Suppose 4584 = x*g + 5*k, 2*g + 7*k - 4*k = 2290. What is the hundreds digit of g?
1
Suppose -8*s + 365 - 309 = 0. Suppose s*i - 2619 + 421 = 0. What is the tens digit of i?
1
Let o(b) = -11*b - 34. Let u be 0 + (-3 - -7) + -4. Suppose -4*l + 2*a - 34 = u, l + a + 21 = -a. What is the units digit of o(l)?
7
Let g(k) = 528*k**3 + 9*k - 33. What is the thousands digit of g(3)?
4
Let f = 767 - 774. What is the tens digit of ((-136)/f - -2)/(9/630)?
0
Let b = 2523 + -767. Suppose -386 = -2*t + b. What is the hundreds digit of t?
0
Let y = 2110 - -14421. What is the thousands digit of y?
6
Let q(z) = -1 + 2*z**2 - 4*z - 3 + 0. Let g be q(-7). Let f = 181 - g. What is the tens digit of f?
5
Let g(k) be the first derivative of k**4/4 - 14*k**3/3 + 6*k**2 + 16*k + 5. Let i be g(13). Suppose 304 = o + i*o. What is the units digit of o?
6
Let o(p) = 185*p + 14. Let t be o(-7). Let m = -784 - t. What is the hundreds digit of m?
4
Suppose 0 = -3*j + j - 5*g + 943, j - 5*g = 494. Suppose 3*v - 31 = j. What is the tens digit of v?
7
Suppose -2*p - 65841 = -3*k, -9 = 98*p - 95*p. What is the hundreds digit of k?
9
Let o(f) = -f + 13. Let p be o(10). What is the units digit of (-46)/(3 + (-272)/44 + p)?
3
Let s = 5738 - -1123. What is the thousands digit of s?
6
Let y(w) = 36*w**3 + w**2 + 9*w - 10. Let g be y(1). Suppose -10*o + 50738 = g*o. What is the units digit of o?
3
Suppose -11*q = 73*q - 2626932. What is the units digit of q?
3
Let m(h) = -10*h**3 + 5*h**2 + 16*h + 59. Let u be m(-5). Let z = u + -510. What is the tens digit of z?
4
Suppose -5*x + 2*z + 225 = -3*z, -140 = -4*x - 4*z. Suppose -f - 4*f = -x. What is the units digit of (83 + f/(-4))*2/6?
7
Let w(t) be the third derivative of 0 + 0*t + 5*t**2 + 7/8*t**4 - 3/2*t**3. What is the units digit of w(6)?
7
Let i(z) = 320*z + 7373. What is the units digit of i(0)?
3
Suppose b - 4766 = -n, 49*b - 47*b = -4*n + 19074. What is the thousands digit of n?
4
Suppose m + 2*m = -4*r + 59, 0 = 2*r - m - 27. Let f(k) = -k**3 - 2*k**2 - 5*k - 4. Let i be f(-4). Suppose -t = -r - i. What is the units digit of t?
2
Suppose -2*d = -0*d - 6, 0 = 4*t - 4*d - 11944. Suppose 9*a - t = 2*a. What is the tens digit of a?
2
Let c be (14/12)/((-4)/(-312)). Let q be (-2)/(-1) - 0/(-1). Suppose -2*u + 2*s = -3*s - c, -3*u + 146 = q*s. What is the tens digit of u?
4
Suppose 0 = -2*t - 3*u + 87771, -2*t - u - 43873 = -3*t. What is the hundreds digit of t?
8
Suppose 4*p + 268 = -4*w, -5*p - 124 - 256 = -4*w. Suppose -3*m - 174 = -0*m. Let y = m - p. What is the tens digit of y?
1
What is the hundreds digit of 24007 + (-2 - -1) + 86 + -78?
0
Let o = -62 - -67. Let p be (1/3)/(o/465) - -1. Let j = 91 - p. What is the tens digit of j?
5
Suppose -161*n - 17488 = -169*n. Suppose 3*q - 1754 = -2*i, 3*i - 738 = -5*q + n. What is the units digit of q?
6
Let b(y) = -297*y + 635. What is the hundreds digit of b(-5)?
1
Let q(u) = -u**2 - 20*u - 86. Let v be (-70)/8 + ((-69)/(-12) - 6). What is the tens digit of q(v)?
1
Let r = -220 + 220. Suppose 5*n + 169 - 1424 = r. What is the units digit of n?
1
Let d = 32 + -74. What is the units digit of (-8)/(-14) - 18372/d?
8
What is the units digit of 134/1139 + (-1477262)/(-34)?
9
Suppose 349*y - 72120 = 343*y. What is the tens digit of y?
2
Let q be 13 - (-10)/(50/(-35)). Suppose -3*r = q*b - 11*b + 5729, -4*r = 5*b - 5708. What is the hundreds digit of b?
1
What is the units digit of (31 - 60)/(-2*3/936)?
4
Suppose -c + 1 = g - 2*c, -4*c = 4*g - 36. Let d(s) = 221*s + 93. What is the thousands digit of d(g)?
1
Let m(y) = 66*y**3 - 17*y**2 + 62*y + 9. What is the units digit of m(5)?
4
Suppose 2*m - 1500 = l, -4*m = -3*l - 915 - 2087. Suppose -m = -9*g + 286. What is the units digit of g?
5
Suppose 0 = -5*z - 4*d + 6559, -4*d = -0*d - 4. Suppose -z = -2*f - 325. What is the units digit of f?
3
Let b(g) = 7*g**2 - 12 - g + g**2 + g**3 + g - 2*g. Let u be b(-8). Suppose -3*m + 9 = -6*m, -4*w = u*m - 144. What is the tens digit of w?
3
Let a = -306 - -306. What is the hundreds digit of (0 - 6) + (a - -808)?
8
Let u be (-50)/175 - ((-21424)/7)/2. Suppose -6*d + u + 618 = 0. Let o = -193 + d. What is the tens digit of o?
6
Let q = 19 + -81. Let h be -12*q/6*1. Suppose -h = 14*k - 16*k. What is the units digit of k?
2
What is the units digit of ((-10)/8 + 1)/((-150)/9564600)?
1
Let n be 3/((-6)/(-5708)) - 4*1. Suppose -i + 533 + 29 = j, -3*j = -5*i + n. What is the hundreds digit of i?
5
Let p(r) = -28*r - 48. Let i(c) = 5*c + 23. Let t be i(6). Suppose -3*l - 31 = 2*j, -3*j - t = 5*l - 4. What is the units digit of p(j)?
6
Suppose 3*v - 134 = 2*c, -3*c + c = 2. Suppose 1008 = -40*w + v*w. What is the units digit of w?
2
Suppose -3*y + 2*k = -2*k - 2003, 0 = -y + 4*k + 673. Suppose -2*j + 761 = -y. What is the units digit of j?
3
Let c(o) = -o - 8. Let a be c(16). Let p be (a/20)/((-23)/20 - -1). What is the units digit of p/12 + 1084/12?
1
Let t = -22 - -14. Let o(u) = 159 - 180 + 2*u**2 - 3*u + 3*u. What is the tens digit of o(t)?
0
Let h be (-654 - 1)*(-6)/15. Suppose 7*s + 491 = 4*s - 4*j, -s = 2*j + 165. Let u = s + h. What is the hundreds digit of u?
1
Suppose -5*j - 5*d + 73610 = 0, 3*j - d = 51279 - 7085. What is the hundreds digit of j?
7
Let t = 576 + 5942. What is the thousands digit of t?
6
Let h(q) = 10*q**3 + 69*q**2 - 557*q - 27. What is the tens digit of h(10)?
0
What is the hundreds digit of (-16)/(240/9) + 55973/5?
1
Suppose -4*h = -2*c + 81 - 13, 2*c - 14 = h. Let r be 1*(-56)/12*h/21. Suppose 3*j - 4*j - 4*x = -104, 0 = -r*j + 3*x + 321. What is the units digit of j?
4
Let h = 4419 - 3822. What is the tens digit of h?
9
Let f(l) = 3*l - 50. Let r(q) = -q**2 + 9*q - 12. Let x be r(4). Let c be f(x). Let h = c - -83. What is the tens digit of h?
5
Suppose 5*c + 3444 = g, 2*g - 3802 = 3*c + 3058. Suppose -24*v = -248 - g. What is the hundreds digit of v?
1
Let a(n) = -41*n**3 - n + 3*n**3 - n + 2*n**2. Let j be a(2). Let f = -97 - j. What is the hundreds digit of f?
2
Let g(h) be the first derivative of 2*h**3/3 - 3*h**2/2 + 232*h + 3. Let o be g(0). Suppose -4*t = -o - 40. What is the tens digit of t?
6
Suppose 2*p - 20*v = -16*v + 75946, 0 = -4*p - 3*v + 151848. What is the hundreds digit of p?
9
Let a(z) = 6*z**3 + 14*z**2 - 11*z + 6. Let j be a(6). Suppose p + 4*p - j = 0. What is the units digit of p?
8
Suppose -110*u + 109*u + 5*t = -6, -u = 4*t - 15. Let o(h) = -h**3 + 9*h**2 - 6*h + 3. Let p be o(8). Let k = p - u. What is the units digit of k?
8
Let n = -13 - -9. Let w be ((-6)/48*n)/(2/564). What is the tens digit of w + (0 - 0) + 34/(-17)?
3
Let h = -45 + 57. Suppose 0 = 8*x - 9*x + h. What is the tens digit of (-1 + 2)/(x/1044)?
8
Let c = 37741 - 10465. What is the thousands digit of c?
7
Let f(l) = -3*l**3 + 41*l**2 - 28*l - 57. Let n(z) = -4*z**3 + 43*z**2 - 29*z - 56. Let c(j) = 5*f(j) - 4*n(j). What is the units digit of c(-33)?
1
Let m(y) = -y + 2603. Let d be m(0). Let w = -1736 + d. What is the hundreds digit of w?
8
Suppose 4 + 46 = 5*q. Let z = -154 + 158. Suppose -6*f + q = -z*f. What is the units digit of f?
5
Let n = -189 - -880. Suppose 13*o + n = 17422. What is the units digit of o?
7
Let t = 8464 + -3178. What is the units digit of t?
6
Suppose -3*q = -3*n, 0*n = -5*n + 2*q. Suppose 4*f - 2*f + 20 = n. What is the tens digit of 15/f + (-428)/(-8)?
5
Let w(y) = 20*y - 61. Let m be w(10). Let n = m - 130. What is the units digit of n?
9
What is the hundreds digit of (((-660)/40)/((-2)/6908))/(8 + -7)?
9
Suppose -102*f + 238 = -104*f. Let c = f - -129. Suppose 357 = 13*w - c*w. What is the tens digit of w?
1
Suppose -48*o - 1768785 = -4655697. What is the thousands digit of o?
0
Let o be (-4 + 3)*-1*(-82)/(-2). Let a = -46 + o. Let c(p) = -p**3 - 6*p**2 - 5*p + 4. What is the units digit of c(a)?
4
Let r(d) = 4121*d - 6565. What is the tens digit of r(7)?
8
Let x(a) = 2*a**3 - 2*a**2 - a + 1. Let f be x(1). Suppose 8*v + f*v = 600. L